 p(-6).
32
Let l(n) = -2*n**3 - 16*n**2 - 13*n + 7. Determine l(-7).
0
Let c(x) = -x**3 - 10*x**2 - 21*x + 7. Give c(-7).
7
Let c(d) = -10*d - 17. Calculate c(-4).
23
Let b(h) = -3*h + 1. Determine b(3).
-8
Let m(f) = f**2 + 10*f - 5. Give m(-8).
-21
Let o(j) = 2*j. Give o(0).
0
Let q(g) = 2*g**2 - 6. Give q(-3).
12
Let i(y) = -y**2 + 3*y + 5. Give i(6).
-13
Let t(i) = 313*i - 1884. Calculate t(6).
-6
Let o(g) = -2*g - 26. Give o(-11).
-4
Let u(b) = b**2 - 11*b + 20. What is u(9)?
2
Let h(j) = 13*j + 42. Determine h(-3).
3
Let p(z) = 4*z + 13. Calculate p(-9).
-23
Let j(s) = s**3 + 4*s**2 - 10*s - 7. Give j(-6).
-19
Let s(g) = -g**2 + g - 1. Give s(-4).
-21
Let c(h) = 8*h**3 - 5*h - 5. Give c(-1).
-8
Let f(t) = 6*t - 4. Give f(7).
38
Let k(z) = z**3 - 8*z**2 + z - 28. Determine k(9).
62
Let y(v) = v**3 - 6*v**2 + 9*v - 6. Calculate y(3).
-6
Let g(l) = -l**2 - 9*l + 12. What is g(-10)?
2
Let y(t) = -4*t + 20. Calculate y(10).
-20
Let h(r) = 3*r**3 + 4*r**2 + 3*r + 2. Calculate h(-2).
-12
Let v(r) = -3*r**2 - 72*r - 203. Give v(-21).
-14
Let q(s) = -s**3 - 6*s**2 - s. Calculate q(-6).
6
Let r(l) = -2*l**2 - 67*l + 35. What is r(-34)?
1
Let t(a) = -10*a - 2. Calculate t(-1).
8
Let r(u) = -u**2 - 9*u - 9. Give r(-7).
5
Let g(v) = -16*v + 3. Calculate g(-4).
67
Let s(r) = r**3 + 4*r**2 + 2*r + 6. Calculate s(-4).
-2
Let z(p) = -p**2 - p. Determine z(4).
-20
Let p(t) = t**2 + 5*t - 1. What is p(-7)?
13
Let q(z) = -3*z + 10. What is q(-7)?
31
Let v(h) = 2*h**2 + 13*h + 8. What is v(-8)?
32
Let u(l) = -l. Give u(2).
-2
Let n(h) = 50*h - 5. What is n(4)?
195
Let n(i) = -i**3 + 7*i**2 - 4*i + 10. Give n(8).
-86
Let l(f) = -3*f**2 + 4*f - 4. Calculate l(1).
-3
Let w(i) = i**3 + 3*i**2 + 6*i + 6. Calculate w(-4).
-34
Let q(r) = r - 11. What is q(21)?
10
Let d(i) = i - 78. Calculate d(0).
-78
Let p(c) = -2*c + 50. What is p(-8)?
66
Let g(k) = 10*k + 225. What is g(-24)?
-15
Let q(u) = 3*u + 77. What is q(0)?
77
Let f(n) = -n**3 + n**2 - n. Calculate f(-2).
14
Let z(v) = v + 16. What is z(-10)?
6
Let v(c) = -c - 12. Give v(-7).
-5
Let b(f) = -2*f**2 - 11*f + 5. What is b(2)?
-25
Let w(x) = -x + 4. What is w(6)?
-2
Let i(j) = -6*j**2 - 125*j + 13. Give i(-21).
-8
Let x(t) = t - 3. Calculate x(14).
11
Let w(b) = 84*b - 919. Give w(11).
5
Let o(y) = -8*y**2 - 2*y - 2. Determine o(-2).
-30
Let h(f) = 2*f**2 + 20*f + 14. Determine h(-9).
-4
Let s(n) = -n**2 - 13*n + 80. Calculate s(-18).
-10
Let p(y) = -y - 8. What is p(10)?
-18
Let q(s) = -s**3 + 6*s**2 + 7*s - 7. Calculate q(7).
-7
Let l(o) = 16*o + 228. What is l(-14)?
4
Let g(t) = -t**2 - 4*t + 31. Determine g(-8).
-1
Let d(y) = y**3 + 5*y**2 - 2*y + 20. What is d(-6)?
-4
Let v(l) = 3*l**2 + 5*l - 3. Determine v(2).
19
Let x(q) = q**2 + 11*q - 8. Determine x(-11).
-8
Let m(u) = -u**3 - 5*u**2 + u + 2. Determine m(-4).
-18
Let r(t) = 20*t**2 - 220*t - 3. Give r(11).
-3
Let w(u) = -5*u - 6. Give w(-6).
24
Let x(v) = v**3 + v + 25. Determine x(0).
25
Let m(v) = -v - 12. What is m(-8)?
-4
Let a(s) = -s**3 + 6*s**2 - 7*s + 11. Calculate a(4).
15
Let c(k) = 13*k - 1. Determine c(-2).
-27
Let i(d) = 4*d + 1. Determine i(4).
17
Let c(z) = -3*z**2 + 8*z - 1. Calculate c(4).
-17
Let f(u) = u**3 + u**2 - 4*u - 4. Give f(-4).
-36
Let v(z) = -2*z**2 - 23*z + 15. What is v(-13)?
-24
Let c(n) = 4*n + 6. What is c(-3)?
-6
Let k(g) = -10*g + 14. Give k(1).
4
Let k(o) = -5*o**2 - 5*o + 2. Give k(1).
-8
Let o(c) = 21*c - 186. Determine o(9).
3
Let f(b) = b**2 + 13*b + 6. Calculate f(-5).
-34
Let f(l) = l**3 + 9*l**2 + 10*l + 8. Determine f(-6).
56
Let m(p) = p**2 + 3*p - 2. Give m(0).
-2
Let f(c) = c**2 - 4*c - 116. What is f(-8)?
-20
Let h(w) = -8*w**2 + 13*w + 6. What is h(3)?
-27
Let v(i) = i + 16. Give v(-8).
8
Let z(w) = -w**2 + 6*w - 7. Determine z(5).
-2
Let t(f) = -f**2 - 2*f + 5. Calculate t(3).
-10
Let y(x) = x**3 - 5*x**2 + 4*x + 4. What is y(4)?
4
Let u(i) = 34*i + 57. Determine u(-5).
-113
Let u(c) = c**3 + 38*c**2 - 38*c + 46. Calculate u(-39).
7
Let c(l) = -l**3 - 3*l**2 + 5*l - 1. Calculate c(-5).
24
Let g(b) = -b**2 + 7*b - 5. Calculate g(4).
7
Let p(w) = -6*w**3 + 10*w**2 - 3*w + 6. What is p(3)?
-75
Let d(j) = -13*j - 18. Determine d(-2).
8
Let n(v) = v**3 + 16*v**2 + 16*v + 11. What is n(-15)?
-4
Let r(l) = -5*l + 66. Determine r(18).
-24
Let b(k) = 9*k - 241. Calculate b(26).
-7
Let f(b) = -b**2 + 11*b - 3. Determine f(13).
-29
Let w(s) = -6*s - 5. Determine w(3).
-23
Let n(v) = 2*v**2 + 6*v - 82. Determine n(-10).
58
Let v(x) = -5*x - 8. What is v(-3)?
7
Let t(n) = 15*n**3 - 2*n**2 + 4*n - 2. What is t(1)?
15
Let w(z) = -z**3 - 3*z**2 - 3*z - 6. Calculate w(-3).
3
Let b(i) = -i**3 + 3*i**2 - i - 12. Give b(4).
-32
Let c(i) = -12*i + 92. Calculate c(8).
-4
Let n(u) = -7*u + 47. Determine n(7).
-2
Let p(m) = -m**3 + 7*m**2 - 4*m + 21. Give p(7).
-7
Let h(r) = -10*r**2 + 110*r - 27. What is h(11)?
-27
Let o(f) = 11*f - 6. Give o(1).
5
Let r(l) = -l**2 - 5*l - 1. Calculate r(-4).
3
Let k(f) = 5*f - 1. What is k(9)?
44
Let p(c) = -228*c + 924. What is p(4)?
12
Let q(z) = -z**2 - 3*z + 29. Give q(-7).
1
Let t(j) = -5*j**2 - 5*j + 12. Give t(-4).
-48
Let h(v) = v**3 - 25*v + 1. Give h(5).
1
Let w(g) = -2*g**2 - 13*g + 17. Calculate w(6).
-133
Let g(r) = -2*r**3 - 2*r**2 + 3*r - 3. Determine g(-3).
24
Let g(x) = 53*x**2 + 3*x - 2. Determine g(1).
54
Let f(j) = -j**2 - 4*j - 5. What is f(-5)?
-10
Let j(u) = 2*u**2 - 7*u + 2. Calculate j(5).
17
Let w(r) = r**3 - 2*r**2 - 3*r. Calculate w(-3).
-36
Let c(d) = -3*d + 61. Determine c(20).
1
Let c(r) = -38*r + 1103. Calculate c(29).
1
Let o(p) = p**2 + 15*p - 15. Determine o(-11).
-59
Let f(a) = a**3 + 3*a**2 + 6*a + 7. Calculate f(-5).
-73
Let w(t) = -t**3 + 10*t**2 - 3*t + 29. Give w(10).
-1
Let x(z) = 28*z - 88. What is x(3)?
-4
Let r(t) = -13*t**3 - t**2. What is r(-1)?
12
Let x(y) = y**2 - 7*y - 3. Determine x(8).
5
Let r(v) = 4*v**2 + 34*v + 50. What is r(-8)?
34
Let z(b) = b**3 - 12*b**2 + 14*b - 19. Give z(11).
14
Let i(r) = r**3 + 15*r**2 + 14*r - 31. What is i(-14)?
-31
Let p(x) = 2*x**3 - 7*x**2 + 5*x - 1. Give p(2).
-3
Let n(u) = u**2 - 18*u + 1. Calculate n(18).
1
Let j(b) = b**2 - 10*b + 8. Determine j(7).
-13
Let g(a) = -2*a**2 - 4*a + 6. Give g(-6).
-42
Let r(j) = -j - 48. What is r(9)?
-57
Let w(z) = z**3 + 13*z**2 + 11*z + 4. Give w(-12).
16
Let t(x) = x**2 + 2*x - 1. Give t(2).
7
Let l(r) = -r**3 - 8*r**2 - 3*r + 9. What is l(-7)?
-19
Let m(q) = -3*q**2 + 14*q. Calculate m(5).
-5
Let w(r) = r**3 - 3*r**2 - 10*r + 4. Give w(3).
-26
Let d(k) = 14*k + 68. Calculate d(-4).
12
Let d(r) = r**3 - 4*r**2 - 13*r - 29. Determine d(7).
27
Let u(m) = m**3 - 3*m**2 - 2. Calculate u(3).
-2
Let f(m) = m**3 - 11*m**2 - 13*m + 8. Determine f(12).
-4
Let i(k) = -41*k - 328. Give i(-8).
0
Let q(l) = 2*l - 17. Calculate q(5).
-7
Let f(t) = -5*t**2 - 5*t + 6. Give f(2).
-24
Let i(l) = -3*l + 3. What is i(3)?
-6
Let x(b) = -b + 3. Calculate x(-11).
14
Let s(a) = -a**3 - 2*a**2 + 5*a + 6. Determine s(-3).
0
Let o(u) = 56*u + 958. Give o(-17).
6
Let a(k) = -2*k**3 - 70*k**2 + 72*k + 17. Give a(-36).
17
Let u(d) = d**3 - d**2 - d + 3. What is u(3)?
18
Let k(l) = 5*l**3 + 15*l**2 - 17*l + 9. What is k(-4)?
-3
Let j(b) = b**2 - 17*b + 5. Calculate j(14).
-37
Let n(o) = 2*o - 21. Give n(0).
-21
Let w(i) = -30*i**2 + 4*i. Determine w(1).
-26
Let k(f) = -f + 10. What is k(-8)?
18
Let d(a) = a - 12. Calculate d(7).
-5
Let q(c) = 7*c - 188. What is q(27)?
1
Let l(o) = 16*o - 42. Give l(3).
6
Let d(q) = 8*q - 3. Calculate d(2).
13
Let c(q) = -2*q - 5. Give c(-6).
7
Let a(m) = 2*m + 6. What is a(4)?
14
Let u(f) = f**3 + 19*f**2 - 49*f - 130. Determine u(-21).
17
Let h(n) = -n**3 - 3*n**2 + n. Give h(-3).
-3
Let g(k) = 65*k - 11. Calculate g(2).
119
Let a(z) = -z**2 - z + 1. What is a(-4)?
-11
Let l(i) = 2*i**2 + 10*i - 28. Give l(-9).
44
Let i(c) = -74*c - 1473. Give i(-20).
7
Let v(w) = w**3 + 11*w**2 + 13*w - 11. What is v(-6)?
91
Let h(n) = n**3 - 4*n**2 - 18*n - 16. What is h(7)?
5
Let r(f) = f**3 + 8*f**2 - 6. Determine r(-8).
-6
Let o(p) = 16*p - 10. Determine o(1).
6
Let x(l) = -2*l**3 - 22*l**2 - 38*l - 20. Calculate x(-9).
-2
Let y(l) = l**3 + 4*l**2 - 4*l + 2. Calculate y(-4).
18
Let j(f) = -8*f - 1. What is j(-4)?
31
Let g(a) = -a**3 - 6*a**2 - 8*a + 22. Determine g(-7